lculate the remainder when 87 is divided by 9 + 1541/92 - (-3)/(-4).
12
Let o = 21 + -55. Let l = 59 + o. Suppose 102*j - 51*j - 44*j - 70 = 0. Calculate the remainder when l is divided by j.
5
Suppose -29 = 11*m - 12*m - 5*u, 0 = 5*m - 2*u - 145. What is the remainder when 1186 is divided by m?
26
Suppose -50*t - 1385 = -6135. Suppose -l - 210 - 108 = 4*f, -2*f + 4*l - 168 = 0. What is the remainder when t is divided by f/1*(-6)/15?
31
Suppose 356*z + 170 = 5*i + 352*z, -3*z = 2*i - 68. Calculate the remainder when 404 is divided by i.
30
Let l = 19 + 63. Let s = 53 - l. Let m = s - -59. Calculate the remainder when m is divided by 4.
2
Let u = 404 + -294. Suppose 152 = u*h - 109*h. Calculate the remainder when h is divided by 53.
46
Let u(p) = 243*p - 1582. What is the remainder when 353 is divided by u(7)?
115
Let d(t) = t**3 + t**2 - t + 2. Let u be d(-2). Suppose -8*s + 237 - 21 = u. Let f(h) = -4*h - 5. What is the remainder when s is divided by f(-5)?
12
Calculate the remainder when (18039/42 + 18)*(-6)/(-5) is divided by 57.
24
Let w be -2 + (1 + 0)*9. Let j(p) = -3*p - 3. Let o be j(-1). Suppose o = w*a - 2*a - 45. Calculate the remainder when 17 is divided by a.
8
Suppose -54*b = -51*b + 45. Let v(y) = -y**3 - 13*y**2 + 7*y - 23. What is the remainder when v(b) is divided by 13?
10
Let a = 559 - 1394. Calculate the remainder when a/(-1)*4/10 is divided by 28.
26
Let l(c) = 49*c**2 + 109*c + 272. Calculate the remainder when l(12) is divided by 298.
292
Let m = -981 - -559. Let y = m - -437. Calculate the remainder when 119 is divided by y.
14
Let i = 242 - 147. Suppose -5 = -2*h + 3, 0 = -5*k + h + 26. Suppose k*u = u + i. What is the remainder when u is divided by 7?
5
Suppose 3*f - v = 25, 3*f - f - 19 = 3*v. Let n = 73 - 88. What is the remainder when (-18)/4*50/n is divided by f?
7
Let p(r) = -r**3 - 5*r**2 + 10*r + 82. What is the remainder when 1564 is divided by p(-5)?
28
Let b(m) = -m**3 - 84*m**2 + 2*m - 289. Calculate the remainder when b(-85) is divided by 141.
139
Suppose 5*z + 3*u = 7637, -9*u - 6080 = -4*z - 4*u. Calculate the remainder when z is divided by 85.
80
Let t = -12 + 21. Let s = -179385 - -179489. Calculate the remainder when s is divided by t.
5
Suppose -7309 = 25*h - 14195 - 25014. What is the remainder when h is divided by 142?
140
What is the remainder when ((-48)/21)/(-4) + -7 + 3831/21 is divided by 44?
0
Suppose -108744 = 11*n - 54*n + 20*n. What is the remainder when n is divided by 22?
20
Suppose -21162*q + 11040 = -21130*q. What is the remainder when q is divided by 124?
97
Suppose 7*r = 11*r - 104. Suppose -46 = f - 4*f + 5*s, s = 3*f - r. Suppose -5*l + 131 - 41 = 0. What is the remainder when l is divided by f?
4
Suppose 22*q = 23*q - 1, 3*q - 315 = -4*c. What is the remainder when c is divided by 72?
6
Suppose -207 = -2*d + d + 4*j, 0 = 2*d + 3*j - 370. Suppose -d*g + 310 = -186*g. What is the remainder when g is divided by 53?
9
Let m(i) be the second derivative of -7*i**3/2 - 104*i**2 + 49*i. What is the remainder when 320 is divided by m(-13)?
60
Suppose 32 = -13*t + 97. Suppose 3*c = -3*p + 48, t*p - 5 - 58 = -4*c. What is the remainder when c is divided by 16?
1
Let z be 6/(((-4)/(-34))/1). Let l = 31 - z. Let h = l + 31. What is the remainder when h is divided by 7?
4
Suppose -3*i - i = -3*k - 455, 769 = -5*k - 4*i. Let q = 294 + k. Calculate the remainder when q is divided by 13.
11
Let f be (-54)/(-30) + 3/15. Suppose -o = -f - 11. Calculate the remainder when 49 is divided by o.
10
Let y = -28 + 114. Let u = -92 + y. What is the remainder when -1 + 258/9 + 4/u is divided by 15?
12
Calculate the remainder when (-24597)/(-432) - 3/(-48) is divided by (-1)/(-2) + 66/4 + 3.
17
Suppose 2*g + 754 = 2*j, -5*j - 2*g + 855 = -1037. Let v = -329 + 348. Calculate the remainder when j is divided by v.
17
Suppose 206 = 12*c + 84 - 682. What is the remainder when c is divided by 29?
9
Let l be ((-25)/(-4))/((-6)/(-168)). Let v = l - 143. What is the remainder when v is divided by 5?
2
Suppose 32*n + 52*n + 71106 - 304878 = 0. Calculate the remainder when n is divided by 48.
47
Suppose 2*z + 3*z = -d - 63, 3*z - 4*d + 24 = 0. What is the remainder when (3 - (-268)/z)*(-1 - 2) is divided by 15?
13
Let y(x) = -13*x + 41. Let j be y(3). Calculate the remainder when 29 is divided by j - (24/40 + (-69)/15).
5
Let h(a) = 2 - 20*a - 6*a**2 + 13*a**3 + 26*a - 12*a**3. What is the remainder when h(7) is divided by 18?
3
Let h be (2 - 10/4)/(6/(-2340)). Suppose -h = 7*t - 20*t. Let r = 0 - -43. Calculate the remainder when r is divided by t.
13
Suppose 4*r = 3*r + 4. Let a be (-4)/5*(-335)/134. Suppose c - a*c = -r. What is the remainder when 33 is divided by c?
1
Suppose 3*t - 8*t + 3*c = -198, -2*c - 197 = -5*t. Suppose -34*j - 860 = -t*j. What is the remainder when j is divided by 16?
12
Let m = 25644 - 25484. Let c(j) = j**3 - 9*j**2 + 10*j - 7. Calculate the remainder when m is divided by c(8).
7
Calculate the remainder when 461 is divided by 7/(588/2376) + ((-9)/7 - -1).
13
Suppose -3*g - 10794 = -11505. What is the remainder when g is divided by 108?
21
Let p = 204 + 765. Calculate the remainder when p is divided by 98.
87
Suppose -57 = -303*z + 306*z. Let u = z - -37. What is the remainder when u is divided by 11?
7
Suppose -4*k + 48 = -k. Let h = -604 + 632. Calculate the remainder when h is divided by k.
12
Suppose 2*z - 33 - 199 = 0. Suppose 2*w - 5*o - 306 - 437 = 0, 2*o + 10 = 0. Let c = -342 + w. What is the remainder when z is divided by c?
14
Suppose -5*o - 25 = 0, 9*k - 1750 = 5*k - 2*o. Let h = -422 + k. Let j(f) = 2*f**2 - 3*f - 2. Calculate the remainder when j(-5) is divided by h.
9
Let o = -4311 + 4346. Calculate the remainder when 710 is divided by o.
10
Let j(x) = -6*x**2 - 28*x - 42. Let g be j(-6). Let s = 148 + g. Calculate the remainder when 228 is divided by s.
54
Let p(z) be the first derivative of 18*z**3 + 5*z**2/2 - 2*z - 5. What is the remainder when p(1) is divided by 20?
17
Suppose 0 = 2*d - 43 - 33. Suppose 182*m - 181*m - d = 0. Suppose 402 = 3*f - x + 73, 5*f - 543 = 3*x. What is the remainder when f is divided by m?
35
Let a(d) = d**3 + 57*d**2 + 160*d - 19. Calculate the remainder when 203 is divided by a(-54).
25
Let b be (-12)/(-48) - (-2 + (-39)/4). Suppose 0 = b*d + 13*d - 1950. Calculate the remainder when d is divided by 40.
38
Let i be (2 + (-656)/12)*-3. Let l = -149 + i. Suppose 0 = 2*x - x - 33. Calculate the remainder when x is divided by l.
6
Let n be ((-15)/(-4))/(3/40). Let x = n - 14. Suppose -3*w = 5*f - 57, -3*f + 14*w + 43 = 18*w. What is the remainder when x is divided by f?
0
Suppose -24 = -13*m + 28. Let y = -5 + 10. Suppose 2*r = m*c - 86, -y*r = 4*c - r - 116. What is the remainder when 69 is divided by c?
21
Let u = 15790 + -15775. Calculate the remainder when 2066 is divided by u.
11
Let f(i) = 2*i - 9. Let y be f(9). Let u = 108 - 49. Let v = u - y. Calculate the remainder when v is divided by 13.
11
Let r = -12087 + 12109. Calculate the remainder when 571 is divided by r.
21
Let x = 4688 + -4571. Calculate the remainder when x is divided by ((-6)/(-4))/(2/84).
54
Let j = -98 + 109. What is the remainder when 15 is divided by j?
4
Suppose -718*i - 225 = -727*i. Suppose -i = -25*b + 20*b, -3*n + b + 241 = 0. What is the remainder when n is divided by 34?
14
Suppose -4*o + 384 = -2*m, -13*o + 8*o - m + 466 = 0. What is the remainder when 725 is divided by o?
67
Let g = -25 + -110. Let x = 424 + g. Calculate the remainder when x is divided by 59.
53
Let y(u) = -19*u**2 - 855*u + 20. Calculate the remainder when (-3)/1 - (-33 + -2) is divided by y(-45).
12
Let n = -2092 + 6177. What is the remainder when n is divided by 227?
226
Let l = 11 + -8. Suppose -l*k + 157 = -356. Suppose 4*c - 105 - k = 0. Calculate the remainder when c is divided by 24.
21
Suppose 2*a - 5*k + 222 = 278, 2*k = 0. Calculate the remainder when 226 is divided by a.
2
Let s be 1/(-2)*(-11 - -6 - -7). Calculate the remainder when ((219/4)/s)/((-3)/4) is divided by 38.
35
Suppose t + 1 = 5*c, t - 3*c + 5 = 4. Calculate the remainder when (5 + -7)/(t/69) is divided by 37.
27
What is the remainder when 1271 - 5/(45/(-126)) is divided by 86?
81
Let s = 179 + -126. What is the r